Let z = -30 + 42. Let h be ((-5067)/z)/(3/8). Let s = h - -1713. Is s a composite number?
False
Let d be (-4 - -2)*(6 + 126/(-12)). Suppose -19*k + d*k = -51110. Is k prime?
False
Let b = 88409 + 93728. Is b composite?
True
Suppose -6*k + 350 = 2. Let t = -54 + k. Is (110/6 + t)*3 composite?
False
Suppose 107318 = 7*o + 15*o + 24*o. Is o a prime number?
True
Suppose -5*b - 2*q = -267763, 812*q = -3*b + 808*q + 160655. Is b prime?
False
Let h be 6 - (1 + 5 + -3). Suppose -4*a + 30904 = -4*g, 23153 = h*a - 2*g + 4*g. Is a composite?
True
Let b be 0 - (-2 - -4) - (-5 - 0). Let l be 90/(-25)*((-520)/b)/4. Is 5 + 10/(-5) + l prime?
False
Let q be (1 - 2) + -5 - 3337. Is (q/2)/(12/(-24)) composite?
False
Suppose -2*i = 3*l + 1090, 0 = -2*l - l - 5*i - 1078. Let v = -188 - l. Is v*2/4 + 4 a composite number?
True
Is (-13 + (5 - 3))*-1039 a prime number?
False
Let k(d) = -4*d - 116. Let m be k(-27). Is m/(-32) + (-1651)/(-4) composite?
True
Let z = 260473 + -65696. Is z composite?
True
Let b(l) = l. Let o(d) = -69*d - 35. Let f(x) = -6*b(x) - o(x). Let z be f(10). Suppose -5*n + 541 = 4*r, -3*r = 2*r - 5*n - z. Is r prime?
False
Suppose -3*w - 1211905 = -5*z, 7*z = 5*z + 4*w + 484762. Is z a prime number?
False
Suppose -290414 = -48*b - 106958. Let s = -73 + b. Is s composite?
True
Is 10825055/25 - (616/(-55))/14 a composite number?
False
Let u(q) be the first derivative of -q**4/4 + 8*q**3 + 5*q**2/2 - 8*q - 17. Let a be u(24). Let l = 269 - a. Is l composite?
False
Let f = 111 + -99. Let r(p) = 11*p**2 - 3 + 73*p - 7*p**2 + f - 28*p. Is r(-14) composite?
False
Let f(o) be the first derivative of o**3/3 - 21*o**2/2 + 4*o + 17. Let m(k) = -2*k**2 + 43*k - 7. Let d(g) = 7*f(g) + 3*m(g). Is d(20) a composite number?
False
Let a be (-3 - -5)*4/(-2) + 5872. Suppose h = -1, -2*h = -n + 3*n - a. Is n a prime number?
False
Let z be 4/(-16) - 6834/24. Let m = 446 + z. Is m a composite number?
True
Let j(x) = 19553*x - 48. Let g be j(5). Suppose 0 = 16*a + 3*a - g. Is a composite?
True
Suppose -23*m = -27*m - 2*h + 16, 0 = 4*m - h - 28. Is 25500/120 - m/4 a composite number?
False
Suppose -3*u + 10 - 48 = -4*s, 0 = -4*s + 8. Is 3/5 + (-6824)/u composite?
False
Suppose -7*u + 39*u - 1888 = 0. Let m = u - -360. Is m prime?
True
Let m = 852 + -817. Suppose m*s + 4474 = 123089. Is s prime?
True
Suppose 17*m - 6*m - 422454 = -77285. Is m a prime number?
True
Suppose 4*k + 8415 = -7*k. Let j = k + 4408. Is j prime?
True
Let i(o) = -15*o - 205. Let b be i(-18). Suppose -70*t = -b*t - 13270. Is t a prime number?
False
Let m(k) = 183*k - 20. Let g(w) be the first derivative of -183*w**2 + 40*w + 3. Let n(f) = -4*g(f) - 7*m(f). Is n(3) composite?
True
Let u(d) = 22647*d + 56. Is u(3) a prime number?
False
Let t(c) be the first derivative of -c**4/4 + 5*c**3/3 - c**2 + 15*c + 229. Is t(-11) composite?
False
Suppose -33*i + 36*i + 182545 = 2*v, 4*i + 273821 = 3*v. Is v a composite number?
False
Let g = 21194 + 57629. Is g a composite number?
False
Suppose 0 = -w + 3*o + 7, 5*w + o + 0*o = 3. Suppose -4*l = t - 48 - w, -t - l = -52. Is t composite?
False
Let x(t) = t**2 + 14*t + 28. Let n be x(-12). Suppose -4*d = 3*j - 0*j, -n*d = 5*j. Suppose d*i = 10*i - 23620. Is i a prime number?
False
Let i(b) = -126*b**2 - 39*b - 24. Let f be i(-8). Let c = f + 14165. Is c prime?
True
Suppose -7*s + 5*s + 839980 = -9*a, 2099999 = 5*s + 2*a. Is s prime?
True
Suppose -3*c - 2*c - 2*m + 108119 = 0, 0 = 5*c - m - 108113. Is c a prime number?
False
Suppose 4*i + 2*q = 989294, -196361 = -i - 4*q + 50973. Is i composite?
True
Let q(y) = y**3 + 5*y**2 + 5*y - 7. Suppose -18 = 8*p - 2*p. Let g be q(p). Is (16080/54 - 3) + g/(-18) composite?
True
Suppose 7*g + 374000 = 17*g. Suppose -2*t - 5*o + 14957 = 0, 0*t - 5*t + g = 5*o. Is t prime?
True
Let o = -12318 + 18821. Is o a prime number?
False
Let a be -2 - ((-6)/6 - -1). Is a + 20/2 - -5363 prime?
False
Let a(w) = -w + 23. Let z be a(5). Suppose -z*x - 23588 = -22*x. Is x a composite number?
False
Let g = 1754 + -505. Is g a prime number?
True
Let v(p) = -p**3 + 6*p**2 + 5*p + 8. Let q be v(7). Is 4452/2 - q/(6/5) a prime number?
False
Let p(j) = 55*j**2 - 44*j + 516. Is p(13) composite?
False
Let k = -449 - 557. Let p = -879 - k. Is p composite?
False
Suppose 94 = -22*k - 896. Is ((-17094)/20 - 9/k)*-2 a composite number?
False
Is (182949/(-9))/((-2)/3) + 134/(-268) a composite number?
False
Let p(d) = 52807*d**2 - 24*d - 8. Is p(-3) composite?
False
Let s(y) = -5*y**3 + y**2 + 5*y - 4. Let x(d) = 3*d + 17. Let c be x(-4). Let q be s(c). Is (-26)/(-91) - q/7 prime?
True
Suppose 12*d - 9*d = -5*a - 25, 0 = a + 5. Suppose 4*l - 2*m = 39646, d*l - 19835 = -2*l - 3*m. Is l a prime number?
False
Let d be 6*(5 - (20 + -3)). Let r = d - -93. Is r a prime number?
False
Let j(i) = -2*i + i - 14*i + 4*i + 11. Let v be j(0). Is (-14)/(-77) - (-10107)/v prime?
True
Let r = -898 - -895. Is ((-130)/(-4))/(r/(-180)) + -1 composite?
False
Let v(l) = -16*l + 1. Let m be v(-1). Let t = 21 - m. Suppose 3*r = -4*p + 277 + 564, t*p = 2*r - 594. Is r a composite number?
True
Suppose 0 = -0*o - 6*o - 19529 + 383591. Is o composite?
True
Suppose -422165 = -3*s - 2*o, 3*s = 5*o + 310151 + 111965. Is s composite?
False
Let r(b) = 2*b**3 - 5*b**2 - 14*b + 2. Let z be r(9). Suppose -8*w = z - 4537. Is w a composite number?
True
Let z = 40 - 40. Suppose -2*f + z*f = 2*g - 110, 0 = 4*g - 4*f - 236. Suppose -393 = 54*r - g*r. Is r composite?
False
Let o be (4 - (-34)/(-4))/((-1)/4). Suppose u - 20*y = -o*y + 514, -5*y = -2*u + 1028. Is u a prime number?
False
Let u be 3 + -7*(-1)/7. Suppose -u*n + 307 = h, 2*h - 1520 = -3*h - 5*n. Is h a prime number?
False
Let w = -163867 - -336480. Is w prime?
False
Let d = 13 + -9. Suppose -3*b + 2073 = 3*a, 0 = 2*a - b + d*b - 1382. Is a a composite number?
False
Let s(f) = 86*f**3 + 15*f**2 + 17*f - 35. Is s(8) prime?
False
Let i = -1 + 4. Suppose u + 3*s - 9 = -u, i*u + 2*s = 11. Suppose -3614 = -2*l + 4*t, 3*l = -0*l - u*t + 5394. Is l composite?
False
Suppose -n + 7617 = -4077. Let w(s) = -5987*s - 47. Let x be w(-6). Suppose -5*q + x - n = 3*d, d + q = 8059. Is d a prime number?
False
Let u(w) = 169*w - 8. Let h(c) = -170*c + 9. Let i(v) = -3*h(v) - 4*u(v). Let t be i(3). Let x = -114 - t. Is x a prime number?
True
Let y(r) = -53*r + 76. Let j(s) = s. Let t(o) = -6*j(o) + y(o). Let h(z) = 30*z - 38. Let f(d) = 9*h(d) + 4*t(d). Is f(6) a composite number?
True
Suppose -5*x = b - 28898 - 19164, 0 = -2*x - 2*b + 19228. Is (-10)/(-3)*(-6)/4 + x a composite number?
True
Let b = -22324 - -15106. Let m = b - -20567. Is m prime?
False
Suppose 5*r + 288 = 11*r. Is ((-4824)/r)/((-6)/428) composite?
True
Suppose -189*s + 197*s + 32 = 0. Let d(f) = -791*f + 41. Is d(s) a composite number?
True
Let j(t) = -4*t - 56. Let s be j(-15). Suppose -w + 913 = -2*g, -w = -s*w + 4*g + 2745. Is w a composite number?
False
Let y(l) = l - 6*l - 3 + l + 5 + 5033*l**3 + 2. Is y(1) a composite number?
True
Let j be (-4 - -9)*(1 - 0)*-1. Let x be (4 + 5/j)/(3/5). Suppose -x*o + 1617 = -1818. Is o composite?
True
Let m(c) = 4*c**3 - 8*c**2 - 12*c + 14. Let b be m(-6). Is b/52*86/(-2 - -1) composite?
True
Let w = 354 - 400. Is (-2190)/60*w/1 prime?
False
Suppose -7447538 + 6130404 - 17817084 = -157*v. Is v prime?
False
Let b(g) = -242192*g**3 - 2*g**2 - 63*g - 62. Is b(-1) a composite number?
True
Let x(c) = 31*c + 43511. Is x(0) a composite number?
True
Suppose -3*d = 3*q - 49398, d + 121*q - 16472 = 118*q. Is d a prime number?
False
Let j(k) = -k**2 + 38*k - 103. Let m be j(35). Is (-2)/(-11) + m/((-22)/(-92541)) a prime number?
False
Let w(g) = 6639*g + 70. Let r be w(4). Let d = r + -6791. Is d prime?
False
Suppose 0 = 47*s + 7*s - 6298506. Is s a composite number?
False
Let k = -289 - 78. Let w = k + 577. Is (-11)/(-22) + (w/4 - 0) a composite number?
False
Suppose -5*s = -69463 + 8803. Suppose 9*a + 4*u - s = 5*a, 3*u = 3*a - 9123. Is a composite?
False
Let n(d) = 3*d**3 - 9*d**2 + 27*d + 17. Let l(u) = -u**3 + 8*u**2 + 22*u - 7. Let y be l(10). Is n(y) composite?
True
Suppose 25 = 7*y - 10. Suppose -2*q - 19 = -y*k, q + 0 - 4 = -2*k. Suppose 0 = 4*j + k*b - 7376, -5*j = -2*b - 4770 - 4473. Is j prime?
True
Suppose 3*j + 13870 = a - 146032, -3*a - j